{"id":1663,"date":"2023-02-06T10:55:47","date_gmt":"2023-02-06T09:55:47","guid":{"rendered":"https:\/\/www.dessign.fr\/kovalseb\/?page_id=1663"},"modified":"2024-03-15T17:52:04","modified_gmt":"2024-03-15T16:52:04","slug":"figuratif","status":"publish","type":"page","link":"https:\/\/www.dessign.fr\/kovalseb\/figuratif\/","title":{"rendered":"Peinture acrylique figurative"},"content":{"rendered":"\n<blockquote class=\"wp-block-quote is-layout-flow wp-block-quote-is-layout-flow\">\n<p>Un tableau pour peindre l&rsquo;infigeable<\/p>\n<\/blockquote>\n\n\n\n<figure class=\"wp-block-gallery has-nested-images columns-default is-cropped wp-block-gallery-1 is-layout-flex wp-block-gallery-is-layout-flex\">\n<figure class=\"wp-block-image size-large\"><a href=\"https:\/\/www.dessign.fr\/kovalseb\/wp-content\/uploads\/2024\/01\/tableau-mariage-commande-60x80-dessign-kovalseb-art.jpg\"><img loading=\"lazy\" decoding=\"async\" width=\"770\" height=\"1024\" data-id=\"2600\" src=\"https:\/\/www.dessign.fr\/kovalseb\/wp-content\/uploads\/2024\/01\/tableau-mariage-commande-60x80-dessign-kovalseb-art-770x1024.jpg\" alt=\"\" class=\"wp-image-2600\" srcset=\"https:\/\/www.dessign.fr\/kovalseb\/wp-content\/uploads\/2024\/01\/tableau-mariage-commande-60x80-dessign-kovalseb-art-770x1024.jpg 770w, https:\/\/www.dessign.fr\/kovalseb\/wp-content\/uploads\/2024\/01\/tableau-mariage-commande-60x80-dessign-kovalseb-art-226x300.jpg 226w, https:\/\/www.dessign.fr\/kovalseb\/wp-content\/uploads\/2024\/01\/tableau-mariage-commande-60x80-dessign-kovalseb-art-768x1021.jpg 768w, https:\/\/www.dessign.fr\/kovalseb\/wp-content\/uploads\/2024\/01\/tableau-mariage-commande-60x80-dessign-kovalseb-art.jpg 1089w\" sizes=\"(max-width: 770px) 100vw, 770px\" \/><\/a><figcaption class=\"wp-element-caption\">toile acrylique Mariage famille 60&#215;80<\/figcaption><\/figure>\n\n\n\n<figure class=\"wp-block-image size-large\"><a href=\"https:\/\/www.dessign.fr\/kovalseb\/wp-content\/uploads\/2020\/05\/Bushidotoile40x50.jpg\"><img loading=\"lazy\" decoding=\"async\" width=\"1024\" height=\"804\" data-id=\"210\" src=\"https:\/\/www.dessign.fr\/kovalseb\/wp-content\/uploads\/2020\/05\/Bushidotoile40x50-1024x804.jpg\" alt=\"dessign Bushido toile ARTBOOK KOVAL S\u00e9bastien artiste\" class=\"wp-image-210\" srcset=\"https:\/\/www.dessign.fr\/kovalseb\/wp-content\/uploads\/2020\/05\/Bushidotoile40x50-1024x804.jpg 1024w, https:\/\/www.dessign.fr\/kovalseb\/wp-content\/uploads\/2020\/05\/Bushidotoile40x50-300x236.jpg 300w, https:\/\/www.dessign.fr\/kovalseb\/wp-content\/uploads\/2020\/05\/Bushidotoile40x50-768x603.jpg 768w, https:\/\/www.dessign.fr\/kovalseb\/wp-content\/uploads\/2020\/05\/Bushidotoile40x50-1536x1206.jpg 1536w, https:\/\/www.dessign.fr\/kovalseb\/wp-content\/uploads\/2020\/05\/Bushidotoile40x50.jpg 1920w\" sizes=\"(max-width: 1024px) 100vw, 1024px\" \/><\/a><figcaption class=\"wp-element-caption\">Bushido toile 60&#215;40<\/figcaption><\/figure>\n\n\n\n<figure class=\"wp-block-image size-large\"><a href=\"https:\/\/www.dessign.fr\/kovalseb\/wp-content\/uploads\/2023\/03\/toile29x29_peinture_ok.jpg\"><img loading=\"lazy\" decoding=\"async\" width=\"1024\" height=\"1024\" data-id=\"2289\" src=\"https:\/\/www.dessign.fr\/kovalseb\/wp-content\/uploads\/2023\/03\/toile29x29_peinture_ok-1024x1024.jpg\" alt=\"portrait sur commande peinture acrylique sur toile\" class=\"wp-image-2289\" srcset=\"https:\/\/www.dessign.fr\/kovalseb\/wp-content\/uploads\/2023\/03\/toile29x29_peinture_ok-1024x1024.jpg 1024w, https:\/\/www.dessign.fr\/kovalseb\/wp-content\/uploads\/2023\/03\/toile29x29_peinture_ok-300x300.jpg 300w, https:\/\/www.dessign.fr\/kovalseb\/wp-content\/uploads\/2023\/03\/toile29x29_peinture_ok-150x150.jpg 150w, https:\/\/www.dessign.fr\/kovalseb\/wp-content\/uploads\/2023\/03\/toile29x29_peinture_ok-768x769.jpg 768w, https:\/\/www.dessign.fr\/kovalseb\/wp-content\/uploads\/2023\/03\/toile29x29_peinture_ok-1534x1536.jpg 1534w\" sizes=\"(max-width: 1024px) 100vw, 1024px\" \/><\/a><figcaption class=\"wp-element-caption\">portrait peinture acrylique<\/figcaption><\/figure>\n\n\n\n<figure class=\"wp-block-image size-large\"><a href=\"https:\/\/www.dessign.fr\/kovalseb\/wp-content\/uploads\/2022\/01\/MozartPeinture-chat-ARTBOOK-KOVAL-Sebastien-751x1024.jpg\"><img loading=\"lazy\" decoding=\"async\" width=\"751\" height=\"1024\" data-id=\"1122\" src=\"https:\/\/www.dessign.fr\/kovalseb\/wp-content\/uploads\/2022\/01\/MozartPeinture-chat-ARTBOOK-KOVAL-Sebastien-751x1024.jpg\" alt=\"chat portrait commande dessign.fr dessin ARTBOOK KOVAL S\u00e9bastien\" class=\"wp-image-1122\" srcset=\"https:\/\/www.dessign.fr\/kovalseb\/wp-content\/uploads\/2022\/01\/MozartPeinture-chat-ARTBOOK-KOVAL-Sebastien-751x1024.jpg 751w, https:\/\/www.dessign.fr\/kovalseb\/wp-content\/uploads\/2022\/01\/MozartPeinture-chat-ARTBOOK-KOVAL-Sebastien-220x300.jpg 220w, https:\/\/www.dessign.fr\/kovalseb\/wp-content\/uploads\/2022\/01\/MozartPeinture-chat-ARTBOOK-KOVAL-Sebastien-768x1048.jpg 768w, https:\/\/www.dessign.fr\/kovalseb\/wp-content\/uploads\/2022\/01\/MozartPeinture-chat-ARTBOOK-KOVAL-Sebastien-1126x1536.jpg 1126w, https:\/\/www.dessign.fr\/kovalseb\/wp-content\/uploads\/2022\/01\/MozartPeinture-chat-ARTBOOK-KOVAL-Sebastien.jpg 1296w\" sizes=\"(max-width: 751px) 100vw, 751px\" \/><\/a><figcaption class=\"wp-element-caption\">commande toile 40&#215;30 acrylique<\/figcaption><\/figure>\n\n\n\n<figure class=\"wp-block-image size-full\"><a href=\"https:\/\/www.dessign.fr\/kovalseb\/wp-content\/uploads\/2020\/05\/ProvinsTriptique.jpg\"><img loading=\"lazy\" decoding=\"async\" width=\"960\" height=\"333\" data-id=\"218\" src=\"https:\/\/www.dessign.fr\/kovalseb\/wp-content\/uploads\/2020\/05\/ProvinsTriptique.jpg\" alt=\"Provins Triptique dessign peinture ARTBOOK KOVAL S\u00e9bastien artiste\" class=\"wp-image-218\" srcset=\"https:\/\/www.dessign.fr\/kovalseb\/wp-content\/uploads\/2020\/05\/ProvinsTriptique.jpg 960w, https:\/\/www.dessign.fr\/kovalseb\/wp-content\/uploads\/2020\/05\/ProvinsTriptique-300x104.jpg 300w, https:\/\/www.dessign.fr\/kovalseb\/wp-content\/uploads\/2020\/05\/ProvinsTriptique-768x266.jpg 768w\" sizes=\"(max-width: 960px) 100vw, 960px\" \/><\/a><figcaption class=\"wp-element-caption\">Provins Triptique 3x 1x1m<\/figcaption><\/figure>\n\n\n\n<figure class=\"wp-block-image size-large\"><a href=\"https:\/\/www.dessign.fr\/kovalseb\/wp-content\/uploads\/2020\/06\/mamie-peinture.jpg\"><img loading=\"lazy\" decoding=\"async\" width=\"716\" height=\"960\" data-id=\"634\" src=\"https:\/\/www.dessign.fr\/kovalseb\/wp-content\/uploads\/2020\/06\/mamie-peinture.jpg\" alt=\"portrait grand-mere dessign.fr dessin ARTBOOK KOVAL S\u00e9bastien\" class=\"wp-image-634\" srcset=\"https:\/\/www.dessign.fr\/kovalseb\/wp-content\/uploads\/2020\/06\/mamie-peinture.jpg 716w, https:\/\/www.dessign.fr\/kovalseb\/wp-content\/uploads\/2020\/06\/mamie-peinture-224x300.jpg 224w\" sizes=\"(max-width: 716px) 100vw, 716px\" \/><\/a><figcaption class=\"wp-element-caption\">ma grand-m\u00e8re acrylique 24&#215;32<\/figcaption><\/figure>\n\n\n\n<figure class=\"wp-block-image size-large\"><a href=\"https:\/\/www.dessign.fr\/kovalseb\/wp-content\/uploads\/2020\/06\/4-elements-concept.jpg\"><img loading=\"lazy\" decoding=\"async\" width=\"1024\" height=\"803\" data-id=\"554\" src=\"https:\/\/www.dessign.fr\/kovalseb\/wp-content\/uploads\/2020\/06\/4-elements-concept-1024x803.jpg\" alt=\"4 elements dessign.fr dessin ARTBOOK KOVAL S\u00e9bastien\" class=\"wp-image-554\" srcset=\"https:\/\/www.dessign.fr\/kovalseb\/wp-content\/uploads\/2020\/06\/4-elements-concept-1024x803.jpg 1024w, https:\/\/www.dessign.fr\/kovalseb\/wp-content\/uploads\/2020\/06\/4-elements-concept-300x235.jpg 300w, https:\/\/www.dessign.fr\/kovalseb\/wp-content\/uploads\/2020\/06\/4-elements-concept-768x602.jpg 768w, https:\/\/www.dessign.fr\/kovalseb\/wp-content\/uploads\/2020\/06\/4-elements-concept-1536x1204.jpg 1536w, https:\/\/www.dessign.fr\/kovalseb\/wp-content\/uploads\/2020\/06\/4-elements-concept.jpg 2048w\" sizes=\"(max-width: 1024px) 100vw, 1024px\" \/><\/a><figcaption class=\"wp-element-caption\">4 \u00e9l\u00e9ments acrylique 80&#215;60<\/figcaption><\/figure>\n\n\n\n<figure class=\"wp-block-image size-large\"><a href=\"https:\/\/www.dessign.fr\/kovalseb\/wp-content\/uploads\/2020\/06\/crane-os.jpg\"><img loading=\"lazy\" decoding=\"async\" width=\"714\" height=\"960\" data-id=\"555\" src=\"https:\/\/www.dessign.fr\/kovalseb\/wp-content\/uploads\/2020\/06\/crane-os.jpg\" alt=\"crane os tatoo dessign.fr dessin ARTBOOK KOVAL S\u00e9bastien\" class=\"wp-image-555\" srcset=\"https:\/\/www.dessign.fr\/kovalseb\/wp-content\/uploads\/2020\/06\/crane-os.jpg 714w, https:\/\/www.dessign.fr\/kovalseb\/wp-content\/uploads\/2020\/06\/crane-os-223x300.jpg 223w\" sizes=\"(max-width: 714px) 100vw, 714px\" \/><\/a><figcaption class=\"wp-element-caption\">cr\u00e2ne d&rsquo;os A4<\/figcaption><\/figure>\n\n\n\n<figure class=\"wp-block-image size-large\"><a href=\"https:\/\/www.dessign.fr\/kovalseb\/wp-content\/uploads\/2021\/04\/alice-aux-pays-des-merveilles-livres-ARTBOOK-KOVAL-S\u00e9bastien.jpg\"><img loading=\"lazy\" decoding=\"async\" width=\"1024\" height=\"890\" data-id=\"937\" src=\"https:\/\/www.dessign.fr\/kovalseb\/wp-content\/uploads\/2021\/04\/alice-aux-pays-des-merveilles-livres-ARTBOOK-KOVAL-S\u00e9bastien-1024x890.jpg\" alt=\"alice aux pays des merveilles livres dessign.fr dessin ARTBOOK KOVAL S\u00e9bastien\" class=\"wp-image-937\" srcset=\"https:\/\/www.dessign.fr\/kovalseb\/wp-content\/uploads\/2021\/04\/alice-aux-pays-des-merveilles-livres-ARTBOOK-KOVAL-S\u00e9bastien-1024x890.jpg 1024w, https:\/\/www.dessign.fr\/kovalseb\/wp-content\/uploads\/2021\/04\/alice-aux-pays-des-merveilles-livres-ARTBOOK-KOVAL-S\u00e9bastien-300x261.jpg 300w, https:\/\/www.dessign.fr\/kovalseb\/wp-content\/uploads\/2021\/04\/alice-aux-pays-des-merveilles-livres-ARTBOOK-KOVAL-S\u00e9bastien-768x667.jpg 768w, https:\/\/www.dessign.fr\/kovalseb\/wp-content\/uploads\/2021\/04\/alice-aux-pays-des-merveilles-livres-ARTBOOK-KOVAL-S\u00e9bastien.jpg 1098w\" sizes=\"(max-width: 1024px) 100vw, 1024px\" \/><\/a><figcaption class=\"wp-element-caption\">livre en bois<\/figcaption><\/figure>\n\n\n\n<figure class=\"wp-block-image size-large\"><a href=\"https:\/\/www.dessign.fr\/kovalseb\/wp-content\/uploads\/2021\/04\/nains-calendrier-exterieur.jpg\"><img loading=\"lazy\" decoding=\"async\" width=\"960\" height=\"723\" data-id=\"936\" src=\"https:\/\/www.dessign.fr\/kovalseb\/wp-content\/uploads\/2021\/04\/nains-calendrier-exterieur.jpg\" alt=\"panneau illustration dessign.fr dessin ARTBOOK KOVAL S\u00e9bastien\" class=\"wp-image-936\" srcset=\"https:\/\/www.dessign.fr\/kovalseb\/wp-content\/uploads\/2021\/04\/nains-calendrier-exterieur.jpg 960w, https:\/\/www.dessign.fr\/kovalseb\/wp-content\/uploads\/2021\/04\/nains-calendrier-exterieur-300x226.jpg 300w, https:\/\/www.dessign.fr\/kovalseb\/wp-content\/uploads\/2021\/04\/nains-calendrier-exterieur-768x578.jpg 768w\" sizes=\"(max-width: 960px) 100vw, 960px\" \/><\/a><figcaption class=\"wp-element-caption\">panneau<\/figcaption><\/figure>\n\n\n\n<figure class=\"wp-block-image size-large\"><a href=\"https:\/\/www.dessign.fr\/kovalseb\/wp-content\/uploads\/2020\/05\/meduses.jpg\"><img loading=\"lazy\" decoding=\"async\" width=\"737\" height=\"960\" data-id=\"213\" src=\"https:\/\/www.dessign.fr\/kovalseb\/wp-content\/uploads\/2020\/05\/meduses.jpg\" alt=\"dessign meduses espace ARTBOOK KOVAL S\u00e9bastien artiste\" class=\"wp-image-213\" srcset=\"https:\/\/www.dessign.fr\/kovalseb\/wp-content\/uploads\/2020\/05\/meduses.jpg 737w, https:\/\/www.dessign.fr\/kovalseb\/wp-content\/uploads\/2020\/05\/meduses-230x300.jpg 230w\" sizes=\"(max-width: 737px) 100vw, 737px\" \/><\/a><figcaption class=\"wp-element-caption\">\u00e9lectrique toile 80&#215;60<\/figcaption><\/figure>\n\n\n\n<figure class=\"wp-block-image size-large\"><a href=\"https:\/\/www.dessign.fr\/kovalseb\/wp-content\/uploads\/2020\/05\/escalade.jpg\"><img loading=\"lazy\" decoding=\"async\" width=\"760\" height=\"1024\" data-id=\"209\" src=\"https:\/\/www.dessign.fr\/kovalseb\/wp-content\/uploads\/2020\/05\/escalade-760x1024.jpg\" alt=\"dessign escalade toile ARTBOOK KOVAL S\u00e9bastien artiste\" class=\"wp-image-209\" srcset=\"https:\/\/www.dessign.fr\/kovalseb\/wp-content\/uploads\/2020\/05\/escalade-760x1024.jpg 760w, https:\/\/www.dessign.fr\/kovalseb\/wp-content\/uploads\/2020\/05\/escalade-223x300.jpg 223w, https:\/\/www.dessign.fr\/kovalseb\/wp-content\/uploads\/2020\/05\/escalade-768x1034.jpg 768w, https:\/\/www.dessign.fr\/kovalseb\/wp-content\/uploads\/2020\/05\/escalade-1141x1536.jpg 1141w, https:\/\/www.dessign.fr\/kovalseb\/wp-content\/uploads\/2020\/05\/escalade.jpg 1411w\" sizes=\"(max-width: 760px) 100vw, 760px\" \/><\/a><figcaption class=\"wp-element-caption\">escalade toile 40&#215;30<\/figcaption><\/figure>\n<\/figure>\n\n\n\n<p>Peinture \u00e0 l&rsquo;acrylique principalement, sur commande essentiellement. Vous d\u00e9sirez un portrait, figurer un moment de vie inoubliable mais dont vous n&rsquo;avez aucune photo ? N&rsquo;h\u00e9sitez pas \u00e0 me contacter nous r\u00e9aliserons ensemble selon votre budget la meilleure \u0153uvre !<\/p>\n\n\n\n<figure class=\"wp-block-video\"><video autoplay controls loop src=\"https:\/\/www.dessign.fr\/kovalseb\/wp-content\/uploads\/2021\/03\/PAGE-FB_video8.mp4\"><\/video><\/figure>\n","protected":false},"excerpt":{"rendered":"<p>Un tableau pour peindre l&rsquo;infigeable Peinture \u00e0 l&rsquo;acrylique principalement, sur commande essentiellement. Vous d\u00e9sirez un portrait, figurer un moment de vie inoubliable mais dont vous n&rsquo;avez aucune photo ? N&rsquo;h\u00e9sitez pas \u00e0 me contacter nous r\u00e9aliserons ensemble selon votre budget la meilleure \u0153uvre !<\/p>\n","protected":false},"author":2,"featured_media":2600,"parent":0,"menu_order":0,"comment_status":"closed","ping_status":"closed","template":"","meta":{"_exactmetrics_skip_tracking":false,"_exactmetrics_sitenote_active":false,"_exactmetrics_sitenote_note":"","_exactmetrics_sitenote_category":0,"footnotes":""},"aioseo_notices":[],"_links":{"self":[{"href":"https:\/\/www.dessign.fr\/kovalseb\/wp-json\/wp\/v2\/pages\/1663"}],"collection":[{"href":"https:\/\/www.dessign.fr\/kovalseb\/wp-json\/wp\/v2\/pages"}],"about":[{"href":"https:\/\/www.dessign.fr\/kovalseb\/wp-json\/wp\/v2\/types\/page"}],"author":[{"embeddable":true,"href":"https:\/\/www.dessign.fr\/kovalseb\/wp-json\/wp\/v2\/users\/2"}],"replies":[{"embeddable":true,"href":"https:\/\/www.dessign.fr\/kovalseb\/wp-json\/wp\/v2\/comments?post=1663"}],"version-history":[{"count":10,"href":"https:\/\/www.dessign.fr\/kovalseb\/wp-json\/wp\/v2\/pages\/1663\/revisions"}],"predecessor-version":[{"id":2605,"href":"https:\/\/www.dessign.fr\/kovalseb\/wp-json\/wp\/v2\/pages\/1663\/revisions\/2605"}],"wp:featuredmedia":[{"embeddable":true,"href":"https:\/\/www.dessign.fr\/kovalseb\/wp-json\/wp\/v2\/media\/2600"}],"wp:attachment":[{"href":"https:\/\/www.dessign.fr\/kovalseb\/wp-json\/wp\/v2\/media?parent=1663"}],"curies":[{"name":"wp","href":"https:\/\/api.w.org\/{rel}","templated":true}]}}