{"id":185,"date":"2020-05-27T14:03:10","date_gmt":"2020-05-27T12:03:10","guid":{"rendered":"http:\/\/dessign.fr\/kovalseb\/?page_id=185"},"modified":"2024-06-25T15:54:09","modified_gmt":"2024-06-25T13:54:09","slug":"mandala","status":"publish","type":"page","link":"https:\/\/www.dessign.fr\/kovalseb\/mandala\/","title":{"rendered":"Mandala et dessin g\u00e9om\u00e9trique"},"content":{"rendered":"\n<blockquote class=\"wp-block-quote is-layout-flow wp-block-quote-is-layout-flow\">\n<p>Un cercle, un trait, des croisements, enchev\u00eatrements pour une \u0153uvre enivrante<\/p>\n<\/blockquote>\n\n\n\n<figure class=\"wp-block-gallery has-nested-images columns-default is-cropped wp-block-gallery-1 is-layout-flex wp-block-gallery-is-layout-flex\">\n<figure class=\"wp-block-image size-large\"><a href=\"https:\/\/www.dessign.fr\/kovalseb\/wp-content\/uploads\/2024\/05\/mandala-geometrie-dessign-koval-seb-art.jpg\"><img loading=\"lazy\" decoding=\"async\" width=\"656\" height=\"1024\" data-id=\"2747\" src=\"https:\/\/www.dessign.fr\/kovalseb\/wp-content\/uploads\/2024\/05\/mandala-geometrie-dessign-koval-seb-art-656x1024.jpg\" alt=\"dessin geometrique par koval seb\" class=\"wp-image-2747\" srcset=\"https:\/\/www.dessign.fr\/kovalseb\/wp-content\/uploads\/2024\/05\/mandala-geometrie-dessign-koval-seb-art-656x1024.jpg 656w, https:\/\/www.dessign.fr\/kovalseb\/wp-content\/uploads\/2024\/05\/mandala-geometrie-dessign-koval-seb-art-192x300.jpg 192w, https:\/\/www.dessign.fr\/kovalseb\/wp-content\/uploads\/2024\/05\/mandala-geometrie-dessign-koval-seb-art-768x1199.jpg 768w, https:\/\/www.dessign.fr\/kovalseb\/wp-content\/uploads\/2024\/05\/mandala-geometrie-dessign-koval-seb-art-984x1536.jpg 984w, https:\/\/www.dessign.fr\/kovalseb\/wp-content\/uploads\/2024\/05\/mandala-geometrie-dessign-koval-seb-art.jpg 1089w\" sizes=\"(max-width: 656px) 100vw, 656px\" \/><\/a><figcaption class=\"wp-element-caption\">g\u00e9om\u00e9trie<\/figcaption><\/figure>\n\n\n\n<figure class=\"wp-block-image size-large\"><a href=\"https:\/\/www.dessign.fr\/kovalseb\/wp-content\/uploads\/2020\/11\/mandalaStyle-669x1024.jpg\"><img loading=\"lazy\" decoding=\"async\" width=\"669\" height=\"1024\" data-id=\"842\" src=\"https:\/\/www.dessign.fr\/kovalseb\/wp-content\/uploads\/2020\/11\/mandalaStyle-669x1024.jpg\" alt=\"mandala dessign.fr dessin ARTBOOK KOVAL S\u00e9bastien\" class=\"wp-image-842\" srcset=\"https:\/\/www.dessign.fr\/kovalseb\/wp-content\/uploads\/2020\/11\/mandalaStyle-669x1024.jpg 669w, https:\/\/www.dessign.fr\/kovalseb\/wp-content\/uploads\/2020\/11\/mandalaStyle-196x300.jpg 196w, https:\/\/www.dessign.fr\/kovalseb\/wp-content\/uploads\/2020\/11\/mandalaStyle-768x1175.jpg 768w, https:\/\/www.dessign.fr\/kovalseb\/wp-content\/uploads\/2020\/11\/mandalaStyle.jpg 774w\" sizes=\"(max-width: 669px) 100vw, 669px\" \/><\/a><figcaption class=\"wp-element-caption\">Mandala style KOVALseb<\/figcaption><\/figure>\n\n\n\n<figure class=\"wp-block-image size-large\"><a href=\"https:\/\/www.dessign.fr\/kovalseb\/wp-content\/uploads\/2024\/05\/lettrine-enluminure-A-dessign-koval-seb-art.jpg\"><img loading=\"lazy\" decoding=\"async\" width=\"602\" height=\"858\" data-id=\"2746\" src=\"https:\/\/www.dessign.fr\/kovalseb\/wp-content\/uploads\/2024\/05\/lettrine-enluminure-A-dessign-koval-seb-art.jpg\" alt=\"dessin lettrine A par koval seb\" class=\"wp-image-2746\" srcset=\"https:\/\/www.dessign.fr\/kovalseb\/wp-content\/uploads\/2024\/05\/lettrine-enluminure-A-dessign-koval-seb-art.jpg 602w, https:\/\/www.dessign.fr\/kovalseb\/wp-content\/uploads\/2024\/05\/lettrine-enluminure-A-dessign-koval-seb-art-210x300.jpg 210w\" sizes=\"(max-width: 602px) 100vw, 602px\" \/><\/a><figcaption class=\"wp-element-caption\">lettrine<\/figcaption><\/figure>\n\n\n\n<figure class=\"wp-block-image size-large\"><a href=\"https:\/\/www.dessign.fr\/kovalseb\/wp-content\/uploads\/2020\/05\/11mandalaKOVAL.jpg\"><img loading=\"lazy\" decoding=\"async\" width=\"686\" height=\"926\" data-id=\"183\" src=\"https:\/\/www.dessign.fr\/kovalseb\/wp-content\/uploads\/2020\/05\/11mandalaKOVAL.jpg\" alt=\"mandala dessin ARTBOOK KOVAL S\u00e9bastien artiste\" class=\"wp-image-183\" srcset=\"https:\/\/www.dessign.fr\/kovalseb\/wp-content\/uploads\/2020\/05\/11mandalaKOVAL.jpg 686w, https:\/\/www.dessign.fr\/kovalseb\/wp-content\/uploads\/2020\/05\/11mandalaKOVAL-222x300.jpg 222w\" sizes=\"(max-width: 686px) 100vw, 686px\" \/><\/a><figcaption class=\"wp-element-caption\">Mandala style KOVALseb<\/figcaption><\/figure>\n\n\n\n<figure class=\"wp-block-image size-large\"><a href=\"https:\/\/www.dessign.fr\/kovalseb\/wp-content\/uploads\/2020\/05\/10mandalaKOVAL.jpg\"><img loading=\"lazy\" decoding=\"async\" width=\"579\" height=\"762\" data-id=\"182\" src=\"https:\/\/www.dessign.fr\/kovalseb\/wp-content\/uploads\/2020\/05\/10mandalaKOVAL.jpg\" alt=\"mandala dessign dessin ARTBOOK KOVAL S\u00e9bastien artiste\" class=\"wp-image-182\" srcset=\"https:\/\/www.dessign.fr\/kovalseb\/wp-content\/uploads\/2020\/05\/10mandalaKOVAL.jpg 579w, https:\/\/www.dessign.fr\/kovalseb\/wp-content\/uploads\/2020\/05\/10mandalaKOVAL-228x300.jpg 228w\" sizes=\"(max-width: 579px) 100vw, 579px\" \/><\/a><figcaption class=\"wp-element-caption\">Mandala style KOVALseb<\/figcaption><\/figure>\n\n\n\n<figure class=\"wp-block-image size-large\"><a href=\"https:\/\/www.dessign.fr\/kovalseb\/wp-content\/uploads\/2020\/05\/9mandalaKOVAL.jpg\"><img loading=\"lazy\" decoding=\"async\" width=\"714\" height=\"960\" data-id=\"181\" src=\"https:\/\/www.dessign.fr\/kovalseb\/wp-content\/uploads\/2020\/05\/9mandalaKOVAL.jpg\" alt=\"mandala surf planche dessign dessin ARTBOOK KOVAL S\u00e9bastien artiste\" class=\"wp-image-181\" srcset=\"https:\/\/www.dessign.fr\/kovalseb\/wp-content\/uploads\/2020\/05\/9mandalaKOVAL.jpg 714w, https:\/\/www.dessign.fr\/kovalseb\/wp-content\/uploads\/2020\/05\/9mandalaKOVAL-223x300.jpg 223w\" sizes=\"(max-width: 714px) 100vw, 714px\" \/><\/a><figcaption class=\"wp-element-caption\">Mandala sur planche de surf<\/figcaption><\/figure>\n\n\n\n<figure class=\"wp-block-image size-large\"><a href=\"https:\/\/www.dessign.fr\/kovalseb\/wp-content\/uploads\/2020\/05\/8mandalaKOVAL.jpg\"><img loading=\"lazy\" decoding=\"async\" width=\"799\" height=\"960\" data-id=\"180\" src=\"https:\/\/www.dessign.fr\/kovalseb\/wp-content\/uploads\/2020\/05\/8mandalaKOVAL.jpg\" alt=\"mandala dessign dessin ARTBOOK KOVAL S\u00e9bastien artiste\" class=\"wp-image-180\" srcset=\"https:\/\/www.dessign.fr\/kovalseb\/wp-content\/uploads\/2020\/05\/8mandalaKOVAL.jpg 799w, https:\/\/www.dessign.fr\/kovalseb\/wp-content\/uploads\/2020\/05\/8mandalaKOVAL-250x300.jpg 250w, https:\/\/www.dessign.fr\/kovalseb\/wp-content\/uploads\/2020\/05\/8mandalaKOVAL-768x923.jpg 768w\" sizes=\"(max-width: 799px) 100vw, 799px\" \/><\/a><figcaption class=\"wp-element-caption\">Mandala orgasnique<\/figcaption><\/figure>\n\n\n\n<figure class=\"wp-block-image size-large\"><a href=\"https:\/\/www.dessign.fr\/kovalseb\/wp-content\/uploads\/2020\/05\/7mandalaKOVAL.jpg\"><img loading=\"lazy\" decoding=\"async\" width=\"660\" height=\"903\" data-id=\"179\" src=\"https:\/\/www.dessign.fr\/kovalseb\/wp-content\/uploads\/2020\/05\/7mandalaKOVAL.jpg\" alt=\"mandala dessign dessin ARTBOOK KOVAL S\u00e9bastien artiste\" class=\"wp-image-179\" srcset=\"https:\/\/www.dessign.fr\/kovalseb\/wp-content\/uploads\/2020\/05\/7mandalaKOVAL.jpg 660w, https:\/\/www.dessign.fr\/kovalseb\/wp-content\/uploads\/2020\/05\/7mandalaKOVAL-219x300.jpg 219w\" sizes=\"(max-width: 660px) 100vw, 660px\" \/><\/a><figcaption class=\"wp-element-caption\">Mandala style KOVALseb<\/figcaption><\/figure>\n\n\n\n<figure class=\"wp-block-image size-large\"><a href=\"https:\/\/www.dessign.fr\/kovalseb\/wp-content\/uploads\/2020\/05\/6mandalaKOVAL.jpg\"><img loading=\"lazy\" decoding=\"async\" width=\"590\" height=\"868\" data-id=\"178\" src=\"https:\/\/www.dessign.fr\/kovalseb\/wp-content\/uploads\/2020\/05\/6mandalaKOVAL.jpg\" alt=\"mandala dessign dessin ARTBOOK KOVAL S\u00e9bastien artiste\" class=\"wp-image-178\" srcset=\"https:\/\/www.dessign.fr\/kovalseb\/wp-content\/uploads\/2020\/05\/6mandalaKOVAL.jpg 590w, https:\/\/www.dessign.fr\/kovalseb\/wp-content\/uploads\/2020\/05\/6mandalaKOVAL-204x300.jpg 204w\" sizes=\"(max-width: 590px) 100vw, 590px\" \/><\/a><figcaption class=\"wp-element-caption\">Mandala style KOVALseb<\/figcaption><\/figure>\n\n\n\n<figure class=\"wp-block-image size-large\"><a href=\"https:\/\/www.dessign.fr\/kovalseb\/wp-content\/uploads\/2020\/05\/5mandalaKOVAL.jpg\"><img loading=\"lazy\" decoding=\"async\" width=\"665\" height=\"885\" data-id=\"177\" src=\"https:\/\/www.dessign.fr\/kovalseb\/wp-content\/uploads\/2020\/05\/5mandalaKOVAL.jpg\" alt=\"mandala dessign dessin ARTBOOK KOVAL S\u00e9bastien artiste\" class=\"wp-image-177\" srcset=\"https:\/\/www.dessign.fr\/kovalseb\/wp-content\/uploads\/2020\/05\/5mandalaKOVAL.jpg 665w, https:\/\/www.dessign.fr\/kovalseb\/wp-content\/uploads\/2020\/05\/5mandalaKOVAL-225x300.jpg 225w\" sizes=\"(max-width: 665px) 100vw, 665px\" \/><\/a><figcaption class=\"wp-element-caption\">Mandala style KOVALseb<\/figcaption><\/figure>\n\n\n\n<figure class=\"wp-block-image size-large\"><a href=\"https:\/\/www.dessign.fr\/kovalseb\/wp-content\/uploads\/2020\/05\/2mandalaKOVAL.jpg\"><img loading=\"lazy\" decoding=\"async\" width=\"654\" height=\"909\" data-id=\"175\" src=\"https:\/\/www.dessign.fr\/kovalseb\/wp-content\/uploads\/2020\/05\/2mandalaKOVAL.jpg\" alt=\"mandala fleurs dessign dessin ARTBOOK KOVAL S\u00e9bastien artiste\" class=\"wp-image-175\" srcset=\"https:\/\/www.dessign.fr\/kovalseb\/wp-content\/uploads\/2020\/05\/2mandalaKOVAL.jpg 654w, https:\/\/www.dessign.fr\/kovalseb\/wp-content\/uploads\/2020\/05\/2mandalaKOVAL-216x300.jpg 216w\" sizes=\"(max-width: 654px) 100vw, 654px\" \/><\/a><figcaption class=\"wp-element-caption\">Mandala floral<\/figcaption><\/figure>\n\n\n\n<figure class=\"wp-block-image size-large\"><a href=\"https:\/\/www.dessign.fr\/kovalseb\/wp-content\/uploads\/2020\/05\/3mandalaKOVAL.jpg\"><img loading=\"lazy\" decoding=\"async\" width=\"655\" height=\"960\" data-id=\"174\" src=\"https:\/\/www.dessign.fr\/kovalseb\/wp-content\/uploads\/2020\/05\/3mandalaKOVAL.jpg\" alt=\"mandala dessign dessin ARTBOOK KOVAL S\u00e9bastien artiste\" class=\"wp-image-174\" srcset=\"https:\/\/www.dessign.fr\/kovalseb\/wp-content\/uploads\/2020\/05\/3mandalaKOVAL.jpg 655w, https:\/\/www.dessign.fr\/kovalseb\/wp-content\/uploads\/2020\/05\/3mandalaKOVAL-205x300.jpg 205w\" sizes=\"(max-width: 655px) 100vw, 655px\" \/><\/a><figcaption class=\"wp-element-caption\">Mandala style KOVALseb<\/figcaption><\/figure>\n\n\n\n<figure class=\"wp-block-image size-large\"><a href=\"https:\/\/www.dessign.fr\/kovalseb\/wp-content\/uploads\/2020\/05\/1mandalaKOVAL.jpg\"><img loading=\"lazy\" decoding=\"async\" width=\"714\" height=\"740\" data-id=\"173\" src=\"https:\/\/www.dessign.fr\/kovalseb\/wp-content\/uploads\/2020\/05\/1mandalaKOVAL.jpg\" alt=\"mandala dessign dessin ARTBOOK KOVAL S\u00e9bastien artiste\" class=\"wp-image-173\" srcset=\"https:\/\/www.dessign.fr\/kovalseb\/wp-content\/uploads\/2020\/05\/1mandalaKOVAL.jpg 714w, https:\/\/www.dessign.fr\/kovalseb\/wp-content\/uploads\/2020\/05\/1mandalaKOVAL-289x300.jpg 289w\" sizes=\"(max-width: 714px) 100vw, 714px\" \/><\/a><figcaption class=\"wp-element-caption\">Mandala style KOVALseb<\/figcaption><\/figure>\n\n\n\n<figure class=\"wp-block-image size-large\"><a href=\"https:\/\/www.dessign.fr\/kovalseb\/wp-content\/uploads\/2020\/05\/12mandalaKOVAL.jpg\"><img loading=\"lazy\" decoding=\"async\" width=\"574\" height=\"821\" data-id=\"172\" src=\"https:\/\/www.dessign.fr\/kovalseb\/wp-content\/uploads\/2020\/05\/12mandalaKOVAL.jpg\" alt=\"mandala dessign dessin ARTBOOK KOVAL S\u00e9bastien artiste\" class=\"wp-image-172\" srcset=\"https:\/\/www.dessign.fr\/kovalseb\/wp-content\/uploads\/2020\/05\/12mandalaKOVAL.jpg 574w, https:\/\/www.dessign.fr\/kovalseb\/wp-content\/uploads\/2020\/05\/12mandalaKOVAL-210x300.jpg 210w\" sizes=\"(max-width: 574px) 100vw, 574px\" \/><\/a><figcaption class=\"wp-element-caption\">Mandala style KOVALseb<\/figcaption><\/figure>\n\n\n\n<figure class=\"wp-block-image size-large\"><a href=\"https:\/\/www.dessign.fr\/kovalseb\/wp-content\/uploads\/2024\/05\/Tee-shirt.jpg\"><img loading=\"lazy\" decoding=\"async\" width=\"530\" height=\"739\" data-id=\"2749\" src=\"https:\/\/www.dessign.fr\/kovalseb\/wp-content\/uploads\/2024\/05\/Tee-shirt.jpg\" alt=\"personnalisation de tee-shirt par koval seb dessign\" class=\"wp-image-2749\" srcset=\"https:\/\/www.dessign.fr\/kovalseb\/wp-content\/uploads\/2024\/05\/Tee-shirt.jpg 530w, https:\/\/www.dessign.fr\/kovalseb\/wp-content\/uploads\/2024\/05\/Tee-shirt-215x300.jpg 215w\" sizes=\"(max-width: 530px) 100vw, 530px\" \/><\/a><figcaption class=\"wp-element-caption\">cr\u00e9ation de tee-shirt personnalis\u00e9 KOVAL seb<\/figcaption><\/figure>\n\n\n\n<figure class=\"wp-block-image size-large\"><img loading=\"lazy\" decoding=\"async\" width=\"530\" height=\"739\" data-id=\"2763\" src=\"https:\/\/www.dessign.fr\/kovalseb\/wp-content\/uploads\/2024\/06\/tee-shirt-mandala2-dessign-kovalseb-art.jpg\" alt=\"tee-shirt mandala\" class=\"wp-image-2763\" srcset=\"https:\/\/www.dessign.fr\/kovalseb\/wp-content\/uploads\/2024\/06\/tee-shirt-mandala2-dessign-kovalseb-art.jpg 530w, https:\/\/www.dessign.fr\/kovalseb\/wp-content\/uploads\/2024\/06\/tee-shirt-mandala2-dessign-kovalseb-art-215x300.jpg 215w\" sizes=\"(max-width: 530px) 100vw, 530px\" \/><figcaption class=\"wp-element-caption\">tee-shirt mandala <\/figcaption><\/figure>\n\n\n\n<figure class=\"wp-block-image size-large\"><img loading=\"lazy\" decoding=\"async\" width=\"577\" height=\"1024\" data-id=\"2762\" src=\"https:\/\/www.dessign.fr\/kovalseb\/wp-content\/uploads\/2024\/06\/IMG_20240527_134833-577x1024.jpg\" alt=\"tee-shirt mandala\" class=\"wp-image-2762\" srcset=\"https:\/\/www.dessign.fr\/kovalseb\/wp-content\/uploads\/2024\/06\/IMG_20240527_134833-577x1024.jpg 577w, https:\/\/www.dessign.fr\/kovalseb\/wp-content\/uploads\/2024\/06\/IMG_20240527_134833-169x300.jpg 169w, https:\/\/www.dessign.fr\/kovalseb\/wp-content\/uploads\/2024\/06\/IMG_20240527_134833-768x1364.jpg 768w, https:\/\/www.dessign.fr\/kovalseb\/wp-content\/uploads\/2024\/06\/IMG_20240527_134833-865x1536.jpg 865w, https:\/\/www.dessign.fr\/kovalseb\/wp-content\/uploads\/2024\/06\/IMG_20240527_134833-1153x2048.jpg 1153w, https:\/\/www.dessign.fr\/kovalseb\/wp-content\/uploads\/2024\/06\/IMG_20240527_134833-scaled.jpg 1442w\" sizes=\"(max-width: 577px) 100vw, 577px\" \/><figcaption class=\"wp-element-caption\">tee-shirt mandala <\/figcaption><\/figure>\n\n\n\n<figure class=\"wp-block-image size-large\"><img loading=\"lazy\" decoding=\"async\" width=\"626\" height=\"1024\" data-id=\"2765\" src=\"https:\/\/www.dessign.fr\/kovalseb\/wp-content\/uploads\/2024\/06\/tee-shirt-mandala3-dessign-kovalseb-art-626x1024.jpg\" alt=\"tee-shirt mandala\" class=\"wp-image-2765\" srcset=\"https:\/\/www.dessign.fr\/kovalseb\/wp-content\/uploads\/2024\/06\/tee-shirt-mandala3-dessign-kovalseb-art-626x1024.jpg 626w, https:\/\/www.dessign.fr\/kovalseb\/wp-content\/uploads\/2024\/06\/tee-shirt-mandala3-dessign-kovalseb-art-183x300.jpg 183w, https:\/\/www.dessign.fr\/kovalseb\/wp-content\/uploads\/2024\/06\/tee-shirt-mandala3-dessign-kovalseb-art-768x1256.jpg 768w, https:\/\/www.dessign.fr\/kovalseb\/wp-content\/uploads\/2024\/06\/tee-shirt-mandala3-dessign-kovalseb-art-939x1536.jpg 939w, https:\/\/www.dessign.fr\/kovalseb\/wp-content\/uploads\/2024\/06\/tee-shirt-mandala3-dessign-kovalseb-art.jpg 1153w\" sizes=\"(max-width: 626px) 100vw, 626px\" \/><figcaption class=\"wp-element-caption\">tee-shirt mandala <\/figcaption><\/figure>\n<\/figure>\n\n\n\n<p>Le mandala ou ma version, peu acad\u00e9mique mais toujours une r\u00e9elle d\u00e9tente \u00e0 r\u00e9aliser.<\/p>\n\n\n\n<figure class=\"wp-block-video\"><video autoplay controls loop src=\"https:\/\/www.dessign.fr\/kovalseb\/wp-content\/uploads\/2020\/05\/PAGE-FB_video7.mp4\"><\/video><\/figure>\n","protected":false},"excerpt":{"rendered":"<p>Un cercle, un trait, des croisements, enchev\u00eatrements pour une \u0153uvre enivrante Le mandala ou ma version, peu acad\u00e9mique mais toujours une r\u00e9elle d\u00e9tente \u00e0 r\u00e9aliser.<\/p>\n","protected":false},"author":2,"featured_media":842,"parent":0,"menu_order":0,"comment_status":"closed","ping_status":"closed","template":"","meta":{"_exactmetrics_skip_tracking":false,"_exactmetrics_sitenote_active":false,"_exactmetrics_sitenote_note":"","_exactmetrics_sitenote_category":0,"footnotes":""},"aioseo_notices":[],"_links":{"self":[{"href":"https:\/\/www.dessign.fr\/kovalseb\/wp-json\/wp\/v2\/pages\/185"}],"collection":[{"href":"https:\/\/www.dessign.fr\/kovalseb\/wp-json\/wp\/v2\/pages"}],"about":[{"href":"https:\/\/www.dessign.fr\/kovalseb\/wp-json\/wp\/v2\/types\/page"}],"author":[{"embeddable":true,"href":"https:\/\/www.dessign.fr\/kovalseb\/wp-json\/wp\/v2\/users\/2"}],"replies":[{"embeddable":true,"href":"https:\/\/www.dessign.fr\/kovalseb\/wp-json\/wp\/v2\/comments?post=185"}],"version-history":[{"count":21,"href":"https:\/\/www.dessign.fr\/kovalseb\/wp-json\/wp\/v2\/pages\/185\/revisions"}],"predecessor-version":[{"id":2775,"href":"https:\/\/www.dessign.fr\/kovalseb\/wp-json\/wp\/v2\/pages\/185\/revisions\/2775"}],"wp:featuredmedia":[{"embeddable":true,"href":"https:\/\/www.dessign.fr\/kovalseb\/wp-json\/wp\/v2\/media\/842"}],"wp:attachment":[{"href":"https:\/\/www.dessign.fr\/kovalseb\/wp-json\/wp\/v2\/media?parent=185"}],"curies":[{"name":"wp","href":"https:\/\/api.w.org\/{rel}","templated":true}]}}